s the remainder when 41 is divided by n/(68/(-22) - -3)?
19
Let p(v) = 3*v**2 + 1. Let c = 3 - 7. What is the remainder when p(c) is divided by ((-51)/(-18))/(2/144*12)?
15
Let z = -184 + 199. What is the remainder when 1437 is divided by z?
12
Let j be (0 + 1)*(62 + -41). Let d = j - 2. Calculate the remainder when d is divided by 6.
1
Suppose -u = u. Suppose u*m - 5*m + 10 = 0. Let t = 1091 + -1089. What is the remainder when m is divided by t?
0
Let n = 201 - 91. Let q = n + -63. What is the remainder when q is divided by 16?
15
Let t be 140/4*(4/5 - 0). Suppose 0*h = -h + t. Calculate the remainder when h is divided by 8.
4
Let z(a) = 10*a - 17. Let h be z(6). Suppose -h*k + 38*k + 45 = 0. Let l(b) = 2*b**2 + 4*b + 1. Calculate the remainder when l(-4) is divided by k.
8
Suppose 0 = -7*i + 87 + 935. Suppose -21 = -3*j - 0*j. What is the remainder when i is divided by j?
6
Let a be 2 + -1*(-3)/3. Suppose 4*j - 18 = -a*o + o, -2*o = -2*j. Suppose 2*z = -i + 36, 2*i + 0*i - 71 = -o*z. Calculate the remainder when i is divided by 12.
10
Let s = 369 + -221. What is the remainder when s is divided by 39?
31
Suppose 190 + 354 = 16*g. What is the remainder when 123 is divided by g?
21
Let y = -2 + 93. Suppose -4*j + 2*j = q - y, -4*q - 2*j = -340. Calculate the remainder when q is divided by 43.
40
Let p = 3 + -3. Suppose 28*t - 27*t - 9 = p. What is the remainder when (-25 + 0)*(1 - 2) is divided by t?
7
Suppose 4*u = 190 - 74. Suppose 23 = 3*a + 2*h, h + 0*h + u = 3*a. What is the remainder when 34 is divided by a?
7
Suppose -30*c + 27*c = -165. Calculate the remainder when 215 is divided by c.
50
Suppose -64 = -t + 5*y, 0 = -452*t + 454*t - 5*y - 118. What is the remainder when 86 is divided by t?
32
Suppose 0 = h + 4*n + 12 - 47, -5*n - 77 = -4*h. Let p = -10 - -78. Calculate the remainder when p is divided by h.
22
Let j(b) = b**2 + b. Let o be j(-3). Suppose -3*p + o = -0*p. Suppose p*g - 7 = g. Calculate the remainder when 25 is divided by g.
4
Suppose 2*w - 3*y - 25 = 0, -5*w + y - 4*y = -31. What is the remainder when (((-1302)/w)/7)/(3/(-16)) is divided by 25?
24
Suppose 0*z - z = 1. Calculate the remainder when (2 - 5 - 1) + -1 + 60 is divided by (z - (1 - -56))/(-2).
26
Let g(b) = b**2 - 2*b - 5. Let r be g(3). What is the remainder when r + 2/1 - -103 is divided by 26?
25
Let q be -2*3 - (6 + -3). Let m(r) = -6*r - 16. Let c be m(q). Let s = -22 + c. Calculate the remainder when 30 is divided by s.
14
Let c(o) = 11*o**2 + 26*o + 74. Calculate the remainder when c(-3) is divided by 16.
15
Suppose -13*j + 9*j + 8 = 0. Suppose 2*d + 7 = p - 8, j*d + 20 = -4*p. Let m = 17 + d. Calculate the remainder when m is divided by 3.
0
Suppose 5*l = 901 + 579. Calculate the remainder when l/4 + (-4 - -6) is divided by 13.
11
Suppose 0 = 5*y - 31*y + 52. What is the remainder when 28 is divided by y?
0
Suppose n - 6 = 1. Suppose 0 = 2*f + 12 - 4, f + 124 = 5*j. What is the remainder when j is divided by n + 2 - (3 + -7)?
11
Let r = -6 - -13. Suppose r*f - 87 = 4*f. What is the remainder when f is divided by 10?
9
Let n(u) = -2*u**3 + 21*u**2 + 2*u - 10. Calculate the remainder when n(10) is divided by 3.
2
Let w(a) = -7*a - 6. Let d(t) = -t**2 + 17*t - 20. Let o be d(16). Let p = 9 - o. What is the remainder when w(-6) is divided by p?
10
Suppose -2434 = -4*w + 2*h, -3*h + 3597 - 549 = 5*w. Suppose 4*v = -169 + w. Calculate the remainder when v is divided by 37.
36
Let x be ((-8)/24)/(1/9). Let f be (x - 18/(-4))*6. Let p = f - -11. Calculate the remainder when p is divided by 11.
9
Let t = 785 + -770. What is the remainder when 130 is divided by t?
10
Let n = -1913 + 1923. Suppose 3*v + 41 = 158. Calculate the remainder when v is divided by n.
9
Let q = -157 + 102. Let j = q + 73. What is the remainder when 71 is divided by j?
17
Suppose -z + 6 + 6 = 5*u, 46 = 3*z + 5*u. What is the remainder when 47 is divided by z?
13
Let i be 22/6 + 6/(-9). Suppose i*x = -4*d + 34, -5*x + 0*x + 45 = 5*d. Suppose 0 = o + d - 32. Calculate the remainder when 49 is divided by o.
24
Calculate the remainder when (86 + -80)/(1 + (-2)/6) is divided by ((-6)/12)/(1/(-8)).
1
Suppose 3 = 5*h + 2*z - 53, 3*h - 5*z - 46 = 0. What is the remainder when h is divided by 7?
5
Suppose 1333 - 3407 = -17*i. Suppose -g - 4*g = 215. Let t = g + i. What is the remainder when t is divided by 27?
25
Let i be (-28 - -26) + 0/((-2)/(-2)). Calculate the remainder when i - -5 - (-192)/12 is divided by 8.
3
Let o = -29 - -81. Calculate the remainder when (11 + 880/(-64))/((-1)/56) is divided by o.
50
Suppose 10*z - 90 = z. Calculate the remainder when z is divided by 5.
0
Suppose 4 = 11*m - 6*m - 2*b, -3*b - 6 = 2*m. Suppose m*d - 4*s = -4*d + 56, 20 = 5*d + 5*s. What is the remainder when 24 is divided by d?
6
Suppose -5*v = -4*u + 117 + 68, -u = -4*v - 159. Let s = 80 + v. What is the remainder when s is divided by (-604)/(-30) - (-4)/(-30)?
19
Let w = -77 - -88. Suppose -3*a + 34 = -w. Calculate the remainder when a is divided by 7.
1
Suppose 3*v + 6 = 3*b - 0, 0 = -3*b + 2*v + 8. Calculate the remainder when ((-254)/(-4))/(5/10) is divided by 35 - ((-16)/b - -7).
31
Suppose -3*c = -3 - 6. Suppose c*o = 1 + 8. Calculate the remainder when 11 is divided by o.
2
Suppose -z = -34 + 10. Let d = 31 - z. Let o = 9 - d. What is the remainder when 6 is divided by o?
0
Let j = 18 + -13. Suppose -5*x + 111 = -0*r + 2*r, 0 = -3*r - j*x + 169. Calculate the remainder when r is divided by 20.
18
Let b = -56 - -82. Suppose -b + 70 = 2*v. Suppose 0 = -7*j + 5*j + 16. What is the remainder when v is divided by j?
6
What is the remainder when 206 is divided by (70/(-8))/((-104)/32 - -3)?
31
Let g be -1 + -1 - 50/(-5). Let l be -10*2/(-5) - -20. Suppose l = -4*u + g*u. Calculate the remainder when 11 is divided by u.
5
Suppose -12 + 5 = -5*r + 4*t, -r + t + 1 = 0. What is the remainder when 53 is divided by r?
2
Suppose 3*b = -s + 36 + 2, 2*s = 2*b + 36. What is the remainder when s is divided by (-6)/(-4)*(-52)/(-6)?
10
Suppose -3*r = -13*r - 280. What is the remainder when (63/r - -3)/((-6)/(-16)) is divided by 2?
0
Suppose 4*g - 5*q = 565, 4*g + 3*q = g + 390. Suppose -v - 4*x + g = 0, x = -3*v + 7*v - 489. What is the remainder when v is divided by 18?
15
Let q = 15 - 1. Suppose -20 = -q*h + 9*h. Calculate the remainder when 21 is divided by h.
1
Suppose -w = 2*w - 51. Let a be ((-90)/6)/(1/(-2)). Suppose a = 3*n - 0*n. Calculate the remainder when w is divided by n.
7
Suppose -h - 16 + 4 = 0. Let m be (6/9)/((-8)/h). Let t(c) = 5*c**2 + 2*c - 1. Calculate the remainder when 15 is divided by t(m).
3
Let v(i) = 3*i**2 + 5*i + 9. Calculate the remainder when 107 is divided by v(-4).
33
Suppose -5*w + 3*m + 12 = 5*m, 3*m = 3. Suppose 0 = 3*p, 3*q + w*p = 5*p - 6. What is the remainder when (2 - 4) + (7 - q) is divided by 5?
2
Let i(z) = -z**2 - 6*z - 6. Let c be i(-4). Suppose -y - 12 = -c*f - 31, -y + 22 = -3*f. Suppose y = d - 0*d. Calculate the remainder when d is divided by 8.
5
Let i(j) = -4*j - 30. Calculate the remainder when 28 is divided by i(-8).
0
Suppose -94*w = -98*w + 436. Suppose -3 = -3*b - 0. Calculate the remainder when w is divided by b*-2 - (1 - 31).
25
Let y = -17 - -19. What is the remainder when 18 is divided by y?
0
Let n = 87 + -79. Let r(d) = 4*d - 65. What is the remainder when n is divided by r(17)?
2
Suppose -1304 = -3*l - 5*y, -59*l = -60*l - 5*y + 418. Calculate the remainder when l is divided by 38.
25
Let m = -39 + 109. Suppose -v + 17 = -0*p - 5*p, -5*p - 11 = 2*v. What is the remainder when m is divided by v*(3 - -4) + 4?
16
What is the remainder when 353 is divided by 6 + (59 - -6 - 0)?
69
Let h(v) = -36*v + 28. Calculate the remainder when h(-3) is divided by 16.
8
What is the remainder when 290/5 + 8/((-6)/3) is divided by 15?
9
Let m(d) = -31*d**3 + 5*d**2 + 4*d - 1. What is the remainder when 366 is divided by m(-1)?
25
Suppose 0 = -8*w - 21 - 19. Calculate the remainder when 50 is divided by (10/5 - -16) + w.
11
Suppose 4*j + h - 218 = 127, 0 = -2*h - 6. What is the remainder when 271 is divided by j?
10
Let p(k) = k + 7. Let o(s) = s**3 - 10*s**2 + 4*s. Let q be o(8). Let f = q + 165. What is the remainder when f is divided by p(5)?
9
Let s(a) = -4*a - 27. L